{"id":2177,"date":"2025-04-25T10:01:23","date_gmt":"2025-04-25T10:01:23","guid":{"rendered":"https:\/\/www.edubuild-summit.be\/exhibitor\/vdl-la-mouette\/"},"modified":"2025-06-04T18:51:34","modified_gmt":"2025-06-04T18:51:34","slug":"vdl-la-mouette","status":"publish","type":"exhibitor","link":"https:\/\/www.edubuild-summit.be\/fr\/exhibitor\/vdl-la-mouette\/","title":{"rendered":"VDL De Meeuw"},"content":{"rendered":"","protected":false},"featured_media":0,"template":"","sector":[16,18,17],"class_list":["post-2177","exhibitor","type-exhibitor","status-publish","hentry","sector-schoolinfrastructuur","sector-semi-publieke-gebouwen","sector-sportinfrastructuur"],"yoast_head":"<!-- This site is optimized with the Yoast SEO plugin v26.9 - https:\/\/yoast.com\/product\/yoast-seo-wordpress\/ -->\n<title>VDL De Meeuw - Edubuild Summit<\/title>\n<meta name=\"robots\" content=\"index, follow, max-snippet:-1, max-image-preview:large, max-video-preview:-1\" \/>\n<link rel=\"canonical\" href=\"https:\/\/www.edubuild-summit.be\/fr\/exhibitor\/vdl-la-mouette\/\" \/>\n<meta property=\"og:locale\" content=\"fr_FR\" \/>\n<meta property=\"og:type\" content=\"article\" \/>\n<meta property=\"og:title\" content=\"VDL De Meeuw - Edubuild Summit\" \/>\n<meta property=\"og:url\" content=\"https:\/\/www.edubuild-summit.be\/fr\/exhibitor\/vdl-la-mouette\/\" \/>\n<meta property=\"og:site_name\" content=\"Edubuild Summit\" \/>\n<meta property=\"article:publisher\" content=\"https:\/\/www.facebook.com\/edubuild.be\/\" \/>\n<meta property=\"article:modified_time\" content=\"2025-06-04T18:51:34+00:00\" \/>\n<meta name=\"twitter:card\" content=\"summary_large_image\" \/>\n<script type=\"application\/ld+json\" class=\"yoast-schema-graph\">{\"@context\":\"https:\/\/schema.org\",\"@graph\":[{\"@type\":\"WebPage\",\"@id\":\"https:\/\/www.edubuild-summit.be\/fr\/exhibitor\/vdl-la-mouette\/\",\"url\":\"https:\/\/www.edubuild-summit.be\/fr\/exhibitor\/vdl-la-mouette\/\",\"name\":\"VDL De Meeuw - Edubuild Summit\",\"isPartOf\":{\"@id\":\"https:\/\/www.edubuild-summit.be\/fr\/#website\"},\"datePublished\":\"2025-04-25T10:01:23+00:00\",\"dateModified\":\"2025-06-04T18:51:34+00:00\",\"breadcrumb\":{\"@id\":\"https:\/\/www.edubuild-summit.be\/fr\/exhibitor\/vdl-la-mouette\/#breadcrumb\"},\"inLanguage\":\"fr-FR\",\"potentialAction\":[{\"@type\":\"ReadAction\",\"target\":[\"https:\/\/www.edubuild-summit.be\/fr\/exhibitor\/vdl-la-mouette\/\"]}]},{\"@type\":\"BreadcrumbList\",\"@id\":\"https:\/\/www.edubuild-summit.be\/fr\/exhibitor\/vdl-la-mouette\/#breadcrumb\",\"itemListElement\":[{\"@type\":\"ListItem\",\"position\":1,\"name\":\"Home\",\"item\":\"https:\/\/www.edubuild-summit.be\/fr\/\"},{\"@type\":\"ListItem\",\"position\":2,\"name\":\"exhibitors\",\"item\":\"https:\/\/www.edubuild-summit.be\/fr\/exhibitor\/\"},{\"@type\":\"ListItem\",\"position\":3,\"name\":\"VDL De Meeuw\"}]},{\"@type\":\"WebSite\",\"@id\":\"https:\/\/www.edubuild-summit.be\/fr\/#website\",\"url\":\"https:\/\/www.edubuild-summit.be\/fr\/\",\"name\":\"Edubuild Summit\",\"description\":\"Het evenement voor professionals actief in scholenbouw &amp; sportinfrastructuur\",\"publisher\":{\"@id\":\"https:\/\/www.edubuild-summit.be\/fr\/#organization\"},\"potentialAction\":[{\"@type\":\"SearchAction\",\"target\":{\"@type\":\"EntryPoint\",\"urlTemplate\":\"https:\/\/www.edubuild-summit.be\/fr\/?s={search_term_string}\"},\"query-input\":{\"@type\":\"PropertyValueSpecification\",\"valueRequired\":true,\"valueName\":\"search_term_string\"}}],\"inLanguage\":\"fr-FR\"},{\"@type\":\"Organization\",\"@id\":\"https:\/\/www.edubuild-summit.be\/fr\/#organization\",\"name\":\"Edubuild Summit\",\"url\":\"https:\/\/www.edubuild-summit.be\/fr\/\",\"logo\":{\"@type\":\"ImageObject\",\"inLanguage\":\"fr-FR\",\"@id\":\"https:\/\/www.edubuild-summit.be\/fr\/#\/schema\/logo\/image\/\",\"url\":\"https:\/\/www.edubuild-summit.be\/wp-content\/uploads\/2025\/02\/edubuild-logo-primary.svg\",\"contentUrl\":\"https:\/\/www.edubuild-summit.be\/wp-content\/uploads\/2025\/02\/edubuild-logo-primary.svg\",\"caption\":\"Edubuild Summit\"},\"image\":{\"@id\":\"https:\/\/www.edubuild-summit.be\/fr\/#\/schema\/logo\/image\/\"},\"sameAs\":[\"https:\/\/www.facebook.com\/edubuild.be\/\",\"https:\/\/www.linkedin.com\/showcase\/edubuild-edubuild\"]}]}<\/script>\n<!-- \/ Yoast SEO plugin. -->","yoast_head_json":{"title":"VDL De Meeuw - Edubuild Summit","robots":{"index":"index","follow":"follow","max-snippet":"max-snippet:-1","max-image-preview":"max-image-preview:large","max-video-preview":"max-video-preview:-1"},"canonical":"https:\/\/www.edubuild-summit.be\/fr\/exhibitor\/vdl-la-mouette\/","og_locale":"fr_FR","og_type":"article","og_title":"VDL De Meeuw - Edubuild Summit","og_url":"https:\/\/www.edubuild-summit.be\/fr\/exhibitor\/vdl-la-mouette\/","og_site_name":"Edubuild Summit","article_publisher":"https:\/\/www.facebook.com\/edubuild.be\/","article_modified_time":"2025-06-04T18:51:34+00:00","twitter_card":"summary_large_image","schema":{"@context":"https:\/\/schema.org","@graph":[{"@type":"WebPage","@id":"https:\/\/www.edubuild-summit.be\/fr\/exhibitor\/vdl-la-mouette\/","url":"https:\/\/www.edubuild-summit.be\/fr\/exhibitor\/vdl-la-mouette\/","name":"VDL De Meeuw - Edubuild Summit","isPartOf":{"@id":"https:\/\/www.edubuild-summit.be\/fr\/#website"},"datePublished":"2025-04-25T10:01:23+00:00","dateModified":"2025-06-04T18:51:34+00:00","breadcrumb":{"@id":"https:\/\/www.edubuild-summit.be\/fr\/exhibitor\/vdl-la-mouette\/#breadcrumb"},"inLanguage":"fr-FR","potentialAction":[{"@type":"ReadAction","target":["https:\/\/www.edubuild-summit.be\/fr\/exhibitor\/vdl-la-mouette\/"]}]},{"@type":"BreadcrumbList","@id":"https:\/\/www.edubuild-summit.be\/fr\/exhibitor\/vdl-la-mouette\/#breadcrumb","itemListElement":[{"@type":"ListItem","position":1,"name":"Home","item":"https:\/\/www.edubuild-summit.be\/fr\/"},{"@type":"ListItem","position":2,"name":"exhibitors","item":"https:\/\/www.edubuild-summit.be\/fr\/exhibitor\/"},{"@type":"ListItem","position":3,"name":"VDL De Meeuw"}]},{"@type":"WebSite","@id":"https:\/\/www.edubuild-summit.be\/fr\/#website","url":"https:\/\/www.edubuild-summit.be\/fr\/","name":"Edubuild Summit","description":"Het evenement voor professionals actief in scholenbouw &amp; sportinfrastructuur","publisher":{"@id":"https:\/\/www.edubuild-summit.be\/fr\/#organization"},"potentialAction":[{"@type":"SearchAction","target":{"@type":"EntryPoint","urlTemplate":"https:\/\/www.edubuild-summit.be\/fr\/?s={search_term_string}"},"query-input":{"@type":"PropertyValueSpecification","valueRequired":true,"valueName":"search_term_string"}}],"inLanguage":"fr-FR"},{"@type":"Organization","@id":"https:\/\/www.edubuild-summit.be\/fr\/#organization","name":"Edubuild Summit","url":"https:\/\/www.edubuild-summit.be\/fr\/","logo":{"@type":"ImageObject","inLanguage":"fr-FR","@id":"https:\/\/www.edubuild-summit.be\/fr\/#\/schema\/logo\/image\/","url":"https:\/\/www.edubuild-summit.be\/wp-content\/uploads\/2025\/02\/edubuild-logo-primary.svg","contentUrl":"https:\/\/www.edubuild-summit.be\/wp-content\/uploads\/2025\/02\/edubuild-logo-primary.svg","caption":"Edubuild Summit"},"image":{"@id":"https:\/\/www.edubuild-summit.be\/fr\/#\/schema\/logo\/image\/"},"sameAs":["https:\/\/www.facebook.com\/edubuild.be\/","https:\/\/www.linkedin.com\/showcase\/edubuild-edubuild"]}]}},"meta_box":{"tax_sector":[{"term_id":16,"name":"Schoolinfrastructuur","slug":"schoolinfrastructuur","term_group":0,"term_taxonomy_id":16,"taxonomy":"sector","description":"","parent":0,"count":224,"filter":"raw","term_order":"0"},{"term_id":17,"name":"Sportinfrastructuur","slug":"sportinfrastructuur","term_group":0,"term_taxonomy_id":17,"taxonomy":"sector","description":"","parent":0,"count":216,"filter":"raw","term_order":"0"},{"term_id":18,"name":"Semi-publieke gebouwen","slug":"semi-publieke-gebouwen","term_group":0,"term_taxonomy_id":18,"taxonomy":"sector","description":"","parent":0,"count":197,"filter":"raw","term_order":"0"}],"logo":{"filesize":5053,"ID":"2012","name":"Logo-VDL-De-Meeuw-final.svg","path":"\/home\/wouter\/webapps\/edubuildsummit\/wp-content\/uploads\/2025\/04\/Logo-VDL-De-Meeuw-final.svg","url":"https:\/\/www.edubuild-summit.be\/wp-content\/uploads\/2025\/04\/Logo-VDL-De-Meeuw-final.svg","full_url":"https:\/\/www.edubuild-summit.be\/wp-content\/uploads\/2025\/04\/Logo-VDL-De-Meeuw-final.svg","title":"VDL De Meeuw","caption":"","description":"","alt":"VDL De Meeuw","srcset":false,"width":false,"height":false},"beschrijving":"Logement modulaire pour les soins de sant\u00e9, l'industrie et les bureaux, l'enseignement et le logement. VDL De Meeuw est le leader du march\u00e9 et le pionnier de la construction modulaire. Au cours des derni\u00e8res d\u00e9cennies, elle est devenue une entreprise de construction polyvalente avec de nombreuses r\u00e9alisations de premier plan.  ","standnummer":"110","website":"https:\/\/www.demeeuw.be\/"},"_links":{"self":[{"href":"https:\/\/www.edubuild-summit.be\/fr\/wp-json\/wp\/v2\/exhibitor\/2177","targetHints":{"allow":["GET"]}}],"collection":[{"href":"https:\/\/www.edubuild-summit.be\/fr\/wp-json\/wp\/v2\/exhibitor"}],"about":[{"href":"https:\/\/www.edubuild-summit.be\/fr\/wp-json\/wp\/v2\/types\/exhibitor"}],"wp:attachment":[{"href":"https:\/\/www.edubuild-summit.be\/fr\/wp-json\/wp\/v2\/media?parent=2177"}],"wp:term":[{"taxonomy":"sector","embeddable":true,"href":"https:\/\/www.edubuild-summit.be\/fr\/wp-json\/wp\/v2\/sector?post=2177"}],"curies":[{"name":"wp","href":"https:\/\/api.w.org\/{rel}","templated":true}]}}

Logement modulaire pour les soins de santé, l'industrie et les bureaux, l'enseignement et le logement. VDL De Meeuw est le leader du marché et le pionnier de la construction modulaire. Au cours des dernières décennies, elle est devenue une entreprise de construction polyvalente avec de nombreuses réalisations de premier plan.
